+ -114?
67
In base 8, what is -21750 + 2?
-21746
In base 13, what is 4 + -139?
-135
In base 11, what is 3 + 18?
20
In base 5, what is -42 - -42?
0
In base 14, what is -5 + -18?
-1d
In base 13, what is 4 - -36?
3a
In base 3, what is 11 + 10?
21
In base 14, what is 45 + 1d?
64
In base 2, what is 100100110 + 101?
100101011
In base 7, what is -650 + -101?
-1051
In base 16, what is -e - 5?
-13
In base 9, what is -47 - -8?
-38
In base 7, what is -36512 - -3?
-36506
In base 4, what is 11 + -13?
-2
In base 9, what is -12232 + 2?
-12230
In base 15, what is 0 + -1b9a?
-1b9a
In base 12, what is 2 + 17?
19
In base 3, what is -11 - -1202?
1121
In base 14, what is -5 - -a0?
99
In base 7, what is -4 - 20?
-24
In base 7, what is -1 - 313?
-314
In base 5, what is 34333 - 1?
34332
In base 9, what is -54 - 6?
-61
In base 13, what is 5 + -60?
-58
In base 3, what is 102 + -1112?
-1010
In base 6, what is 14554 - 1?
14553
In base 7, what is -23 - -106?
53
In base 6, what is -2 + 1552?
1550
In base 8, what is 62 + 15?
77
In base 3, what is -10 + 21220010?
21220000
In base 14, what is 3 - 911?
-90c
In base 7, what is 12162 - -5?
12200
In base 10, what is -12 + -7?
-19
In base 10, what is 8 - 44?
-36
In base 16, what is -2 - -48b?
489
In base 12, what is 25 - -4?
29
In base 9, what is 0 - -5?
5
In base 16, what is -4 - 435?
-439
In base 15, what is -ed + -11?
-10e
In base 6, what is -33 + 20?
-13
In base 9, what is -34 - -7?
-26
In base 6, what is 105 + 4?
113
In base 4, what is 10 - -210?
220
In base 7, what is -1251 - 2?
-1253
In base 5, what is -1 + -1?
-2
In base 8, what is 36 + 2?
40
In base 7, what is -41 + 466?
425
In base 2, what is 100100110111 - -1?
100100111000
In base 13, what is 10 - 140?
-130
In base 5, what is 1 + 43?
44
In base 2, what is -100 + 101?
1
In base 7, what is 3 + -4?
-1
In base 9, what is -140 - 1?
-141
In base 4, what is -2 - 312?
-320
In base 7, what is -666 - 4?
-1003
In base 12, what is -1623 - -5?
-161a
In base 5, what is 141 - -20?
211
In base 7, what is 444 + -101?
343
In base 2, what is -1110 - -1011101?
1001111
In base 15, what is -7c + -4?
-81
In base 11, what is -2 - -55?
53
In base 10, what is 5496 - -4?
5500
In base 8, what is 75 + 553?
650
In base 2, what is 10110111010100 + 11?
10110111010111
In base 9, what is -4 + -33?
-37
In base 6, what is -4 + 150?
142
In base 16, what is -5 + -3?
-8
In base 13, what is 271c - 7?
2715
In base 10, what is -2 - 5?
-7
In base 2, what is -1000 - -11010?
10010
In base 2, what is 1000 - -1100000?
1101000
In base 14, what is 1 + 2c?
2d
In base 15, what is -5 + -2?
-7
In base 3, what is -112 + -11?
-200
In base 6, what is 154 + -5?
145
In base 9, what is -1 + -384?
-385
In base 2, what is -100001101 - 11110?
-100101011
In base 15, what is -7 - -26?
1e
In base 15, what is -9 - -1a?
11
In base 7, what is 0 + -13512?
-13512
In base 9, what is -2434 + 2?
-2432
In base 8, what is -5 - 200?
-205
In base 3, what is -1 - 1110111?
-1110112
In base 3, what is 2211 - 210?
2001
In base 9, what is 3 - -4460?
4463
In base 15, what is -3c + -4?
-41
In base 16, what is -46 + 68?
22
In base 14, what is 7 + -394?
-38b
In base 6, what is 121 + 0?
121
In base 15, what is 501 + -4?
4ec
In base 2, what is 11 + -1011?
-1000
In base 5, what is -13204 - -3?
-13201
In base 5, what is 1 + 230?
231
In base 7, what is 10 - -44?
54
In base 15, what is 4 + 1c9?
1cd
In base 6, what is -14 + 1534?
1520
In base 5, what is -442 - 101?
-1043
In base 15, what is c + -15?
-8
In base 10, what is 7 + 51?
58
In base 5, what is -44 + 33?
-11
In base 12, what is 2a4 - a?
296
In base 12, what is -2 - 12?
-14
In base 9, what is 2421 - 4?
2416
In base 15, what is -c - 526?
-533
In base 9, what is -77 - 4?
-82
In base 7, what is -10 + 101?
61
In base 11, what is 877 - -4?
880
In base 8, what is 543 - 62?
461
In base 3, what is -1 - -12201?
12200
In base 8, what is 2773 - 5?
2766
In base 14, what is da - 3?
d7
In base 8, what is 5 + -4150?
-4143
In base 3, what is 21111010 + 2?
21111012
In base 3, what is -100210102 - 11?
-100210120
In base 10, what is 1615 + 4?
1619
In base 13, what is 3 + 36?
39
In base 4, what is -2232 + -1?
-2233
In base 4, what is -13 - 3313?
-3332
In base 5, what is 3032 + -2?
3030
In base 11, what is -524 + 3?
-521
In base 8, what is -51161 + -5?
-51166
In base 16, what is -13f + -5?
-144
In base 10, what is 374 - -12?
386
In base 13, what is 2 - 0?
2
In base 2, what is -10111 - 101?
-11100
In base 6, what is 1 + 3401?
3402
In base 5, what is -3 - 3112?
-3120
In base 10, what is 11 + 373?
384
In base 12, what is 130 + 1?
131
In base 8, what is -31 - 146?
-177
In base 3, what is 10 + 210?
220
In base 8, what is 6 + -1655?
-1647
In base 9, what is -488 + -2?
-501
In base 6, what is 115 + -3?
112
In base 12, what is -2 + -246?
-248
In base 6, what is -5 + -412?
-421
In base 5, what is 133123 + 10?
133133
In base 4, what is 1302 + 100?
2002
In base 13, what is -4 - -5?
1
In base 9, what is 13823 + 1?
13824
In base 9, what is 1210 - -5?
1215
In base 10, what is -3 + -2996?
-2999
In base 6, what is 11 - -132?
143
In base 15, what is 3d7 + 1?
3d8
In base 8, what is 641 - 43?
576
In base 2, what is 1101 - -11011011?
11101000
In base 3, what is 1 + 2210?
2211
In base 4, what is -120 - -11?
-103
In base 16, what is 1d9 + -3?
1d6
In base 5, what is 30 + -10?
20
In base 14, what is -1d2 - 61?
-253
In base 14, what is cc86 + 1?
cc87
In base 12, what is 424 - 1?
423
In base 15, what is -88d - 8?
-896
In base 4, what is 31 - 2?
23
In base 15, what is 1299 + -5?
1294
In base 14, what is -7 - 4b?
-54
In base 7, what is 1201 + -12?
1156
In base 2, what is -110000 - -100101?
-1011
In base 10, what is -9 + 955?
946
In base 16, what is -e3 - -2?
-e1
In base 13, what is 2 - 9?
-7
In base 13, what is -1 - -45?
44
In base 8, what is 26 - -365?
413
In base 6, what is 13 + -1220?
-1203
In base 10, what is 403 + 11?
414
In base 6, what is -4 - 4?
-12
In base 8, what is -765 - 46?
-1033
In base 13, what is -c - b?
-1a
In base 2, what is -100 - 1111?
-10011
In base 6, what is 1140 - 2?
1134
In base 5, what is -1041 + 2?
-1034
In base 8, what is 0 - -64?
64
In base 3, what is -12 + -20000?
-20012
In base 2, what is -101000100 - 101?
-101001001
In base 6, what is 5231 + -1?
5230
In base 13, what is -41 + b?
-33
In base 3, what is -200 + 2211?
2011
In base 7, what is 5 - -3215?
3223
In base 5, what is 14 + 3434?
4003
In base 13, what is 696 - 3?
693
In base 13, what is -1b - -116?
c8
In base 7, what is 223 - -5?
231
In base 16, what is -b8 - 0?
-b8
In base 6, what is 330 + -51?
235
In base 15, what is -a + 38?
2d
In base 14, what is a0cb - 5?
a0c6
In base 8, what is -545 + 4?
-541
In base 11, what is -66 - 2?
-68
In base 3, what is 22 + -112010?
-111211
In base 8, what is -26 + -47?
-75
In base 7, what is 2 - -103?
105
In base 14, what is -14 - -156?
142
In base 13, what is 6 + -a?
-4
In base 8, what is 253 - 16?
235
In base 5, what is 1232 + 3?
1240
In base 6, what is 145 + 0?
145
In base 3, what is 11 - -221?
1002
In base 12, what is 5 + 2a1a?
2a23
In base 3, what is 10102012 + 12?
10102101
In base 14, what is -10d - 2?
-111
In base 2, what is -100110 + -1001010010?
-1001111000
In base 5, what is 222 - -221?
443
In base 6, what is 32 + 5?
41
In base 6, what is 0 + 1221?
1221
In base 4, what is -21 - -2003?
1322
In base 10, what is -1 - -31?
30
In base 10, what is 752 - -5?
757
In base 7, what is -2 - 1?
-3
In base 2, what is 100011010000 - -101?
100011010101
In base 6, what is -141 + -224?
-405
In base 6, what is -10352 + 3?
-10345
In base 14, what is 8 - -55?
5d
In base 4, what is -23 - -1210?
1121
In base 4, what is 1203 + -2?
1201
In base 12, what is 4 + 19a?
1a2
In base 8, what is -14 - -10?
-4
In base 13, what is 4 - -a?
11
In base 16, what is 5 + -6d?
-68
In base 12, what is -10 - -2b0?
2a0
In base 11, what is 527 + 4?
530
In base 15, what is -1 + -4a?
-4b
In base 5, what is 3231 + -1?
3230
In base 4, what is 0 - -220130?
220130
In base 16, what is 6 - -6b?
71
In base 14, what is -5 - 24?
-29
In base 7, what is -13260 - 4?
-13264
In base 14, what is -1 - -11a?
119
In base 4, what is -1102301 + -10?
-1102311
In base 15, what is -144 + 5?
-13e
In base 5, what is 1230 - 2?
1223
In base 8, what is -1 + -435?
-436
In base 9, what is -3 + 44?
4